git of y(0)?
4
What is the tens digit of 2/(-4) + 855/10?
8
Suppose 2*g + 2*s = -6, 4*g - 5*s + 45 = -g. What is the units digit of 1*46/g*-3?
3
Suppose -4*t = -5*u - 895, 337 + 91 = 2*t + 4*u. What is the tens digit of t?
2
Suppose -3*k + 211 = 4*r, -26 = r - 2*k - 76. What is the units digit of r?
2
Let m(b) be the first derivative of -b**3/3 + 7*b**2/2 + 5*b + 2. Let d be m(6). Let s = d - 8. What is the units digit of s?
3
Let n be (-120)/21 + 2/(-7). Let z = n + 21. Let x = -9 + z. What is the units digit of x?
6
Let m(v) = v. Let g(q) = 11*q + 5. Let z(u) = -g(u) + 2*m(u). Let k(i) = 19*i + 9. Let h(c) = 6*k(c) + 13*z(c). What is the tens digit of h(-9)?
1
Suppose 5*l + n = 19, 0*l - 4*l + 3*n = 0. What is the units digit of l?
3
Suppose -2*i = y + i + 7, 6 = -2*y - 4*i. Let w(f) = f**3 - 4*f**2 - 5*f. Let h be w(y). Suppose h = -2*t + 9 + 5. What is the units digit of t?
7
Suppose 0 = y - 35 - 113. What is the hundreds digit of y?
1
Let b(n) = 11*n**2 - 3*n + 10. Let j(c) = 5*c**2 - 2*c + 5. Let r(q) = -4*b(q) + 9*j(q). Suppose 3*p - 5*p = -12. What is the units digit of r(p)?
5
Suppose -b + 6 = 1. Suppose 3*j = j - 10, b*j = 4*i - 141. What is the units digit of i?
9
Let q(a) = -5*a + 4*a + 0*a**2 + 6 + a**2. Let y(d) = -d**3 - d**2 + d. Let t be y(0). What is the units digit of q(t)?
6
Let s(l) = l - 6. Let y be s(3). Suppose -5*w - 7 = 3. What is the units digit of (-64)/(-12)*y/w?
8
Let x(m) = 4*m**2 + 12*m - 10. What is the hundreds digit of x(-9)?
2
Let g(i) = 8*i - 18. What is the units digit of g(8)?
6
Let y(d) = d**3 + 7*d**2 + 8. Suppose 0 = 4*z - 2*r + 22, 3*z + 4 = 2*r - 11. What is the units digit of y(z)?
8
Suppose 4*j - 13 = 19. Let b(s) = 2*s**3 + 2*s + 1. Let w be b(-1). Let f = j + w. What is the units digit of f?
5
Suppose -x - 4 = -2*y - 13, -2*y = 5*x - 33. Suppose 5*q = -3*m - 7, x = 4*m - 5*q - 7. What is the units digit of (16 - m)*6/10?
9
Suppose -93 - 43 = -8*s. What is the tens digit of s?
1
Let m(c) = -4*c**3 + c**2 + 2*c + 1. Suppose -2*p - 3*p - 5 = 0. Let t be m(p). Suppose t*q - 18 = q. What is the units digit of q?
6
Suppose -1939 + 707 = -7*t. What is the tens digit of t?
7
Let o = -5 + -1. Let n(h) = h**2 + 3*h - 4. Let g be n(o). What is the tens digit of -30*(3 - g/4)?
1
Let d be (-1)/(-7) - 4654/91. Let h = d + 89. What is the units digit of h?
8
Suppose 8*k = 14*k - 588. What is the units digit of k?
8
What is the hundreds digit of (-15)/(0 + 1)*(-31 + 17)?
2
Suppose 4*w - 5*z - 60 = 0, 0*w - 2*w + 4*z = -36. What is the units digit of w?
0
Let m(h) = -4*h**3 + 12*h**2 - 22*h - 2. Let t(w) = w**3 - 4*w**2 + 7*w + 1. Let k(g) = 2*m(g) + 7*t(g). What is the units digit of k(-5)?
3
Let r = 10 - 15. Let o(v) = -v**3 - 5*v**2 - 2*v + 3. What is the tens digit of o(r)?
1
Let k(o) = 2*o - 3. Let v = 0 + 4. Suppose 12 = -0*f + v*f. What is the units digit of k(f)?
3
Let f be 7/28 - (-29)/(-4). Let m = -2 - f. What is the units digit of m?
5
Suppose q + 2*n - 3*n = 54, -4*q - 2*n = -216. What is the tens digit of q?
5
Suppose -6 = 3*q - 5*q - 2*o, 18 = q - 2*o. Let t(u) = u**2 - 6*u + 7. What is the units digit of t(q)?
3
Let q = 16 + -9. What is the units digit of 2/(-4)*2 + q?
6
Let g = -94 - -270. What is the hundreds digit of g?
1
Let i be (0/(2 + 0))/2. Let g(q) = 2*q + 2 + 0 + i - q. What is the units digit of g(3)?
5
Suppose -j - 3*q + 34 = 0, 0*q - 4*q = j - 37. Suppose x + 0*x - j = 0. What is the units digit of x?
5
Let j = 12 + 6. What is the units digit of j?
8
Suppose 3*j = x - 2 - 3, 2*j + 25 = 5*x. Suppose j*z + 32 = z. What is the tens digit of z?
3
Let d(m) = m**2 + 3*m + 6. Let q be d(-5). Suppose 5*y - q = 9. What is the units digit of y?
5
Let a(s) = -8*s**3 - s + 3*s**3 - 2*s**3 + 3 - s**2 + 5*s. Let k be a(-2). Let t = 66 - k. What is the tens digit of t?
1
Suppose -3*n = 0, 0 = g - 3*g + n + 4. Suppose 5*o - 3 - 7 = k, -4*k + 14 = -g*o. What is the units digit of o?
3
Suppose 2*n = 3 + 5. What is the units digit of (-1 + -9)/(2 - n)?
5
Suppose -9*j - 10 = -4*j. Suppose 0*z = 5*z - 10. What is the units digit of j - -10 - (1 + z)?
5
Suppose 0 = 2*x + 4*j + 14, x - 19 + 5 = 5*j. Let w be (1 + 2)/(x - -2). Suppose 4*i = 3*i + 4*p - 15, -w*i - 4*p + 19 = 0. What is the units digit of i?
1
Let i(s) = s**3 + 6*s**2 + 4*s - 3. Let b be i(-5). What is the units digit of 3/6*b - -45?
6
Let r(t) = -8*t + 1. Suppose -64 = -4*c - 0*c. Suppose -x - c = 5*q, x = 3*x - 2*q - 4. What is the units digit of r(x)?
9
Suppose 0 = -2*v + 3*o + 361, 0 = 5*v - v + o - 729. What is the tens digit of v?
8
Let d(b) = b**2 + 5*b + 4. Let v be d(-6). Let y(f) = -12*f + 1. Let j be y(-2). What is the units digit of (-10)/j + 44/v?
4
Let a = -14 - -38. What is the units digit of a?
4
Suppose j - 4 = -j + 4*a, 4*j - a - 1 = 0. Suppose -5*c + j*c - 2*y + 29 = 0, 2*y = 4. What is the units digit of c?
5
Suppose -2*y - y - 54 = 0. Let q = 5 + -3. What is the units digit of y/(-3)*2/q?
6
Let x(s) = s**2 + 2. Let k be x(-4). Suppose k = -3*h + h. Let i = h - -15. What is the units digit of i?
6
Let k be (-66)/(-14) - 4/(-14). Suppose -5*h + 4*h + 4 = 0. Suppose -k*b + 2*b + 6 = -z, h*z - 41 = -b. What is the units digit of z?
9
What is the tens digit of -1*(-63 + (-1 - -3))?
6
Suppose 0 = 3*k + 2*y - 159, 11*k - 260 = 6*k - 5*y. What is the tens digit of k?
5
Let u(l) = 4*l - 1. Let q be (4/(-6))/(2/(-3)). What is the units digit of u(q)?
3
Let u = -3 - -6. Let w(o) = 0 - 3*o - o + u*o - 2. What is the units digit of w(-7)?
5
Let v(z) = -z + 7. Let m = 21 - 14. Let r be v(m). Suppose r*b - 2*b = -18. What is the units digit of b?
9
Let p(z) be the first derivative of z**3 + 3*z**2/2 - 3*z + 3. What is the tens digit of p(2)?
1
Let b be (0 + 3)*(-7 + 6). Let z be 80*(-2)/6*b. Suppose -5*j + 4*c = -z, 0 = j - 2*j + c + 16. What is the tens digit of j?
1
Let k(n) = 6*n**2 + n + 2. Let y be k(3). Suppose -4*i + y = 3. What is the tens digit of i?
1
Suppose 5*t - 41 - 4 = 0. Let n(s) be the third derivative of -s**4/24 + 2*s**3 - s**2. What is the units digit of n(t)?
3
Let a = 1 + 3. Suppose 4*g - 4 = a*t, 0*t - 5*t - 2*g = -16. Suppose -t*l + 30 = l. What is the units digit of l?
0
Suppose -3*n + 0*z + 399 = -z, -2*z = 2*n - 258. What is the units digit of n?
2
Let x(y) = y + 10. Let n be x(-7). Suppose 0 = 4*a + v - 10 - 3, -v = -4*a + n. What is the units digit of a?
2
Let j(c) = c**2 - c + 16. Let o(f) = f**2 - f + 15. Let w(z) = -6*j(z) + 7*o(z). Let x be w(0). Suppose -40 = -x*b + 4*b. What is the units digit of b?
8
Let m(u) = -15*u - 30. What is the units digit of m(-10)?
0
Let d(p) = 5*p - 1. Let o be d(3). What is the tens digit of 1*(o - (1 - 0))?
1
What is the units digit of -1 - (4 + 116/(-1))?
1
What is the hundreds digit of 2/(8/292 + 0)*2?
1
Let w(r) = -r**3 + 9*r**2 + 13*r - 6. What is the tens digit of w(10)?
2
Suppose -120 = -0*f - 3*f + 2*h, f - 40 = 3*h. What is the units digit of f?
0
Let r = 36 - 5. What is the tens digit of r?
3
Let a(v) = v**2 - v + 5. Let t be a(0). Suppose -t*i - 3*r + 12 = 0, 2*i - 6*r + 3*r = 9. Suppose -2*z - 7 = 3, -i*w - 16 = 5*z. What is the units digit of w?
3
Let y = 33 + -22. Suppose -c + y = -0. What is the units digit of c?
1
Let f be (-6)/15 + 156/(-10). What is the tens digit of 110/3 - f/(-24)?
3
Let z(v) be the first derivative of v**5/60 - v**4/24 - v**3/2 - v**2 - 3. Let o(r) be the second derivative of z(r). What is the units digit of o(4)?
9
Suppose 79 + 38 = 9*o. What is the tens digit of o?
1
Let b = -8 - -10. Let k(c) = -3*c**2 - 2*c + 3. Let v(g) = -9*g**2 - 6*g + 8. Let n(a) = 8*k(a) - 3*v(a). What is the units digit of n(b)?
6
Let l(p) = p**3 - 3*p**2 - 10*p - 6. Let r(i) = -i**2 - i - 1. Let z(v) = -l(v) + 5*r(v). What is the units digit of z(-4)?
3
Suppose -41 = -4*a + 5*d, 3*d + 2*d + 13 = -3*a. Let v be 2*(a - 1)*2. What is the units digit of 14*2*3/v?
7
Let p = -8 - -12. Suppose 14 = p*t - 158. What is the tens digit of t?
4
Suppose 2*a - 12 = 3*j, 7 = a - 3*j + 2*j. What is the units digit of a?
9
Let r(w) = -3*w - 1. Let n be r(-1). Suppose 3*m - n = 4. What is the units digit of m?
2
Let v be (-2 - -1)/(4/16). Let f(d) be the second derivative of d**5/20 + d**4/3 + 5*d**2/2 + 2*d. What is the units digit of f(v)?
5
Let t = 316 + -155. What is t